at are the prime factors of 50345564?
2, 263, 47857
What are the prime factors of 50075233?
13, 197, 19553
List the prime factors of 2939545428.
2, 3, 103, 2378273
List the prime factors of 108915344.
2, 1289, 5281
List the prime factors of 17099357.
11, 29, 443
What are the prime factors of 52750786?
2, 11, 107, 22409
List the prime factors of 65977603.
751, 87853
List the prime factors of 55339248.
2, 3, 19, 60679
What are the prime factors of 47586633?
3, 53, 299287
List the prime factors of 167852970.
2, 3, 5, 149, 12517
What are the prime factors of 35383366?
2, 421, 42023
What are the prime factors of 2114235917?
2114235917
List the prime factors of 1590785454.
2, 3, 265130909
What are the prime factors of 575711117?
149, 3863833
List the prime factors of 28969947.
3, 1072961
What are the prime factors of 141159016?
2, 17644877
What are the prime factors of 76291130?
2, 5, 59, 191, 677
List the prime factors of 3963874947.
3, 23, 29, 1980947
List the prime factors of 473796356.
2, 11, 10768099
List the prime factors of 318411880.
2, 5, 19, 29, 14447
What are the prime factors of 8520919?
11, 774629
What are the prime factors of 77283297?
3, 7, 13, 197, 479
What are the prime factors of 944871287?
944871287
What are the prime factors of 136193561?
7, 19456223
List the prime factors of 75952136.
2, 13, 571, 1279
List the prime factors of 426586414.
2, 419, 509053
List the prime factors of 8032704.
2, 3, 17, 23, 107
List the prime factors of 46733163.
3, 15577721
List the prime factors of 20294299.
19, 821, 1301
What are the prime factors of 127710245?
5, 13, 1964773
What are the prime factors of 29079298?
2, 53, 274333
List the prime factors of 58348906.
2, 7, 11, 113, 479
List the prime factors of 1439863293.
3, 11, 31, 1407491
List the prime factors of 654229422.
2, 3, 7, 11, 472027
List the prime factors of 81978199.
17, 37, 47, 59
What are the prime factors of 187707413?
187707413
What are the prime factors of 96344867?
127, 131, 5791
What are the prime factors of 49159922?
2, 7, 43, 127, 643
What are the prime factors of 111655121?
111655121
What are the prime factors of 33153972?
2, 3, 73, 37847
List the prime factors of 130226435.
5, 127, 205081
What are the prime factors of 86430697?
31, 47, 137, 433
List the prime factors of 5247591908.
2, 13, 100915229
What are the prime factors of 1646908562?
2, 13, 19, 3333823
What are the prime factors of 39099133?
17, 2299949
List the prime factors of 380518948.
2, 95129737
What are the prime factors of 1817830855?
5, 31, 431, 27211
What are the prime factors of 671042148?
2, 3, 7, 7988597
List the prime factors of 96241026.
2, 3, 7, 719, 3187
What are the prime factors of 37328327?
41, 910447
List the prime factors of 16413005.
5, 7, 101, 4643
List the prime factors of 7680502099.
2293, 3349543
List the prime factors of 46077064.
2, 11, 523603
List the prime factors of 2896363.
41, 1723
List the prime factors of 13479817.
13, 23, 45083
What are the prime factors of 5909646074?
2, 2954823037
What are the prime factors of 34232214?
2, 3, 43, 277, 479
What are the prime factors of 222586?
2, 7, 13, 1223
What are the prime factors of 81670982?
2, 40835491
What are the prime factors of 37849286?
2, 173, 109391
List the prime factors of 430782134.
2, 23, 71, 131899
List the prime factors of 1835568159.
3, 1559, 392467
What are the prime factors of 2061366343?
227, 1399, 6491
List the prime factors of 1068112120.
2, 5, 883, 30241
List the prime factors of 16867916.
2, 13, 227, 1429
List the prime factors of 7563852886.
2, 16787, 225289
What are the prime factors of 5089010507?
7, 103, 7058267
List the prime factors of 1470887799.
3, 43, 11402231
What are the prime factors of 63837233?
47, 59, 23021
List the prime factors of 558240258.
2, 3, 5849, 15907
What are the prime factors of 194381664?
2, 3, 29, 69821
List the prime factors of 5110445.
5, 41, 97, 257
List the prime factors of 428252224.
2, 149, 44909
List the prime factors of 1453511960.
2, 5, 239, 152041
What are the prime factors of 66188827?
71, 887, 1051
List the prime factors of 2195789457.
3, 37, 593, 33359
What are the prime factors of 53969950?
2, 5, 1079399
List the prime factors of 1249811797.
13, 17, 5655257
List the prime factors of 7668700.
2, 5, 13, 17, 347
List the prime factors of 110259115.
5, 79, 279137
List the prime factors of 1690508348.
2, 449, 941263
List the prime factors of 48820274.
2, 24410137
What are the prime factors of 6869003294?
2, 44189, 77723
What are the prime factors of 1369825157?
43, 157, 202907
List the prime factors of 205190652.
2, 3, 19, 193, 4663
List the prime factors of 2454197783.
2003, 1225261
List the prime factors of 103212318.
2, 3, 11, 109, 14347
What are the prime factors of 1258649514?
2, 3, 521, 134213
What are the prime factors of 55709323?
17, 3277019
List the prime factors of 1562997557.
11, 331, 429277
What are the prime factors of 118965910?
2, 5, 7, 31, 73, 751
List the prime factors of 783771370.
2, 5, 37, 2118301
What are the prime factors of 1824595854?
2, 3, 6571, 46279
List the prime factors of 5554559629.
5554559629
List the prime factors of 1147758820.
2, 5, 13, 4414457
List the prime factors of 243140835.
3, 5, 7, 101, 227
List the prime factors of 1172077146.
2, 3, 5261, 12377
List the prime factors of 30700143.
3, 19, 179533
What are the prime factors of 2417686534?
2, 827, 983, 1487
List the prime factors of 1181448198.
2, 3, 7, 9376573
What are the prime factors of 2168577223?
2168577223
What are the prime factors of 5509122796?
2, 7541, 182639
What are the prime factors of 88740754?
2, 19, 29, 80527
What are the prime factors of 202074378?
2, 3, 11, 29, 71, 1487
List the prime factors of 117512540.
2, 5, 5875627
What are the prime factors of 367841195?
5, 31, 2373169
What are the prime factors of 3606639001?
7, 271, 397, 4789
List the prime factors of 346112316.
2, 3, 11, 17, 51413
What are the prime factors of 200757725?
5, 7, 1147187
What are the prime factors of 21279306?
2, 3, 3546551
List the prime factors of 771002236.
2, 29, 53, 125407
What are the prime factors of 175750506?
2, 3, 317, 10267
List the prime factors of 106177205.
5, 809, 26249
List the prime factors of 2154051402.
2, 3, 17, 229, 92219
What are the prime factors of 5590616251?
11, 199, 2553959
List the prime factors of 3313297407.
3, 7, 23, 263, 26083
What are the prime factors of 1194475980?
2, 3, 5, 2659, 7487
List the prime factors of 1820738330.
2, 5, 182073833
List the prime factors of 34757229.
3, 13, 409, 2179
What are the prime factors of 44295032?
2, 31, 178609
What are the prime factors of 125093956?
2, 13, 17, 141509
What are the prime factors of 122840594?
2, 43, 1021, 1399
What are the prime factors of 81096143?
81096143
What are the prime factors of 53919305?
5, 11, 41, 23911
List the prime factors of 81503861.
761, 107101
What are the prime factors of 5506443890?
2, 5, 14251, 38639
List the prime factors of 708897986.
2, 4561, 77713
What are the prime factors of 651284233?
29, 22458077
List the prime factors of 19108771.
11, 1737161
What are the prime factors of 1059289993?
43, 887, 27773
What are the prime factors of 121794902?
2, 17, 19, 9923
What are the prime factors of 10415241?
3, 37, 31277
What are the prime factors of 205055510?
2, 5, 11, 67, 27823
What are the prime factors of 229059685?
5, 109, 420293
What are the prime factors of 426928561?
79, 523, 10333
What are the prime factors of 552638428?
2, 5437, 25411
List the prime factors of 646570706.
2, 241, 1341433
List the prime factors of 157801763.
7, 22543109
What are the prime factors of 252842832?
2, 3, 11, 159623
What are the prime factors of 3279909754?
2, 11, 101, 719, 2053
What are the prime factors of 11159380?
2, 5, 31, 41, 439
What are the prime factors of 176006585?
5, 163, 215959
List the prime factors of 24466696.
2, 47, 65071
What are the prime factors of 26320442?
2, 41, 73, 4397
What are the prime factors of 79741628?
2, 17, 1172671
What are the prime factors of 13112740?
2, 5, 655637
What are the prime factors of 4878812569?
127, 139, 276373
List the prime factors of 1779973858.
2, 13, 67, 1021799
What are the prime factors of 361363354?
2, 11, 47, 31771
List the prime factors of 48363693.
3, 7, 157,